e 4, what is -330303110210 - -30?
-330303110120
In base 14, what is 3b51d35 - 0?
3b51d35
In base 8, what is -71 - 361510?
-361601
In base 10, what is -22 + 1120042?
1120020
In base 12, what is -2aa83 + 3163?
-27920
In base 14, what is -498382 + 10?
-498372
In base 13, what is -b + -360836?
-360844
In base 5, what is -1200200 - 120423?
-1321123
In base 2, what is 1010101110000000 - 1101?
1010101101110011
In base 12, what is -3 + 7419b5?
7419b2
In base 12, what is -5 - -2239573?
223956a
In base 9, what is -5 + -125381424?
-125381430
In base 3, what is -1 + 20002222001102?
20002222001101
In base 13, what is 2 + 32b05496?
32b05498
In base 16, what is -4 + 23b09b?
23b097
In base 5, what is -324330 + -21023?
-400403
In base 14, what is -703abc - 2?
-703ac0
In base 8, what is 52 - -470226?
470300
In base 12, what is 137723 + -a6?
137639
In base 12, what is 5941 - -643?
6384
In base 9, what is 200523114 + -6?
200523107
In base 14, what is -b873 + 269?
-b608
In base 14, what is -904838 - 3?
-90483b
In base 5, what is -112 - 11323443?
-11324110
In base 11, what is 4a40387a - 3?
4a403877
In base 5, what is 2321240 + -4?
2321231
In base 14, what is 124451ca + 4?
124451d0
In base 11, what is -194555724 - 3?
-194555727
In base 3, what is -10 + -11012022220?
-11012100000
In base 3, what is -10110101 - 210212?
-11021020
In base 12, what is 0 + 2286864?
2286864
In base 9, what is -11104 - 247?
-11352
In base 14, what is 5 + 1148cc?
1148d3
In base 10, what is -311154584 - 1?
-311154585
In base 11, what is -1046477 - -7?
-1046470
In base 5, what is 142 - -1313311322?
1313312014
In base 5, what is -20222 - -1034413?
1014141
In base 11, what is 11a371 - 111?
11a260
In base 15, what is -83 + -7d6?
-869
In base 5, what is 4101304 - -23200?
4130004
In base 4, what is 22202 + -110303021?
-110220213
In base 9, what is 844461 - -55?
844526
In base 6, what is -4 - -25010145?
25010141
In base 6, what is -2105220 + 2322?
-2102454
In base 9, what is -1637767 - 8?
-1637776
In base 8, what is -32360 - -6234?
-24124
In base 16, what is 2 + 150cdb?
150cdd
In base 8, what is -616 + 15464?
14646
In base 5, what is -114 - 233014122?
-233014241
In base 2, what is -11111111111111 - -11001111001111?
-110000110000
In base 12, what is 855 + 162001?
162856
In base 12, what is -5 - 3bb4400?
-3bb4405
In base 16, what is 13e345a + -4?
13e3456
In base 16, what is -e31a8 + -6b?
-e3213
In base 5, what is 1441 - -44240?
101231
In base 6, what is -1435253334 + 2?
-1435253332
In base 13, what is 48a215 + 4?
48a219
In base 14, what is -276110 - -b?
-276103
In base 4, what is 1211133111112 + -310?
1211133110202
In base 16, what is -7 - -1dcc379?
1dcc372
In base 13, what is 8228b833 + -4?
8228b82c
In base 11, what is 15 + 621915?
62192a
In base 15, what is -69 + 732ee?
73285
In base 15, what is 9 - -9409e?
940a8
In base 10, what is -3 - -1448898?
1448895
In base 10, what is 26 + -38283311?
-38283285
In base 3, what is -1 + 200121201211011?
200121201211010
In base 9, what is 1740233 + -74?
1740148
In base 7, what is -4 - -34512514?
34512510
In base 2, what is 1101 + -101110111001101010110?
-101110111001101001001
In base 5, what is 12 + -4041300143?
-4041300131
In base 2, what is 10000110101 + 11010001100?
101011000001
In base 13, what is 354 + -1943a?
-190b6
In base 12, what is 13607553 + 14?
13607567
In base 9, what is 40488 + 32?
40531
In base 7, what is -12 - 150551561?
-150551603
In base 9, what is -232844823 + 1?
-232844822
In base 5, what is -22 + 20320413?
20320341
In base 13, what is -5 + 117ab078?
117ab073
In base 8, what is -175110461 - -5?
-175110454
In base 2, what is -1001100000001 - 10011001111000110?
-10100011011000111
In base 16, what is -89 + f506?
f47d
In base 2, what is 101 - 101110111001100001001?
-101110111001100000100
In base 3, what is 1 + 100201120000?
100201120001
In base 10, what is 204552 - 226?
204326
In base 11, what is 1 - -1940284?
1940285
In base 3, what is 11 - 20101010022121?
-20101010022110
In base 15, what is 503ed26 + 1?
503ed27
In base 15, what is 85c - -7560?
7dbc
In base 16, what is 0 - 18e438?
-18e438
In base 12, what is -30b5980 - 0?
-30b5980
In base 12, what is -145 + -3a864?
-3a9a9
In base 16, what is -1e13cf + -65?
-1e1434
In base 9, what is 718704 - -7?
718712
In base 16, what is -13 - 134b24d?
-134b260
In base 3, what is 1110 + 10112121200?
10112200010
In base 8, what is 0 - -23621264?
23621264
In base 15, what is -4d7 + 1b543?
1b05b
In base 2, what is -101101111000100100110100 + -101?
-101101111000100100111001
In base 12, what is -11b65 - 13494?
-25439
In base 10, what is -109849553 + 2?
-109849551
In base 13, what is -8627ab - 10?
-8627bb
In base 16, what is -408326da - -2?
-408326d8
In base 11, what is 103761 + 58?
103809
In base 15, what is -6 + -3c3da2?
-3c3da8
In base 3, what is -1100 + 1020022012120?
1020022011020
In base 13, what is -1 + -2304031?
-2304032
In base 5, what is -231114213414 - 10?
-231114213424
In base 14, what is -7d7dc + 18?
-7d7c4
In base 5, what is -13 - 330324140?
-330324203
In base 15, what is 1ca4ad1 + 6?
1ca4ad7
In base 13, what is -144a + -27b9?
-3c36
In base 9, what is -125 + -1087828?
-1088054
In base 2, what is -1100101101010000001 + -1000000101?
-1100101110010000110
In base 15, what is 11dc - 58c?
b50
In base 15, what is 3 - -1c010c?
1c0110
In base 3, what is -2012 + -201101002200?
-201101011212
In base 8, what is 202466 + 2370?
205056
In base 10, what is -6 + 8503503?
8503497
In base 7, what is 42 - 234616?
-234544
In base 10, what is 4 + -995314?
-995310
In base 16, what is -e - 1f9711?
-1f971f
In base 7, what is -14213142 + -146?
-14213321
In base 16, what is -1842 + 1443?
-3ff
In base 3, what is -22020120 - 2210111?
-102001001
In base 14, what is -333 + 49c57?
49924
In base 16, what is -158ee2d - 1?
-158ee2e
In base 15, what is -1050 - -901?
-64e
In base 6, what is -114 - 2152542?
-2153100
In base 4, what is 1100 + 11332133?
11333233
In base 6, what is -3132002 + -10221?
-3142223
In base 16, what is cba + 522?
11dc
In base 2, what is 100 - 11001000010111001001010000?
-11001000010111001001001100
In base 13, what is -c40455 + 2?
-c40453
In base 12, what is 4104 - 11a8?
2b18
In base 4, what is -2 - 221031220230?
-221031220232
In base 2, what is -101 - 1100000101110110110000100000?
-1100000101110110110000100101
In base 10, what is 1420 - 843?
577
In base 3, what is -1002020111 - 2112120?
-1011210001
In base 3, what is -100120 + 10012201220?
10012101100
In base 15, what is -2 - -26d06ee?
26d06ec
In base 13, what is -3 + -1638c06?
-1638c09
In base 13, what is -2b8c239 + 4?
-2b8c235
In base 15, what is -48 - -14a9e7?
14a99e
In base 12, what is -3a + -69a?
-718
In base 5, what is -12 + -2104341241?
-2104341303
In base 5, what is 130321022 + 2342?
130323414
In base 14, what is 4971a2bc - 0?
4971a2bc
In base 6, what is -341 - 3211045?
-3211430
In base 10, what is 1513173 - -31?
1513204
In base 2, what is -1001 + -1011010101110011110000?
-1011010101110011111001
In base 13, what is -408b - -7a81?
39c3
In base 11, what is 191804 - 2a9?
191506
In base 4, what is -10 - 1333231103223?
-1333231103233
In base 15, what is 11987 + -d4?
118a3
In base 7, what is -2563110 + 30?
-2563050
In base 14, what is 4 + c8515b?
c85161
In base 5, what is -1 - 222311234?
-222311240
In base 14, what is 61a2 + 1b3?
6375
In base 3, what is 22222021221211212 - -2?
22222021221211221
In base 7, what is 152101141 + -5?
152101133
In base 14, what is -23b1a - -d30?
-22bca
In base 5, what is -31313344 - -10021?
-31303323
In base 16, what is 11b8 + -e1a9?
-cff1
In base 9, what is -27541122 - -22?
-27541100
In base 7, what is 406 + -422440?
-422031
In base 11, what is -25a5 - 11598?
-14092
In base 3, what is 11021122221011010102 + 11?
11021122221011010120
In base 16, what is 1b65d7 - -2?
1b65d9
In base 9, what is -1 + 17018040?
17018038
In base 4, what is 23032 + -10122210?
-10033112
In base 4, what is 110001131032 - -11?
110001131103
In base 14, what is 4209 - 23c?
3dab
In base 3, what is 11221012022 - 1121?
11221010201
In base 14, what is -a9517 + 2?
-a9515
In base 3, what is 10110122121 + -11010?
10110111111
In base 13, what is -5 + -596260?
-596265
In base 13, what is 4 - 43a853?
-43a84c
In base 5, what is -221 + 2130332?
2130111
In base 11, what is 5 